-c**3 - 6*c**2 - 2*c + 12. Let k be u(v). What is the tens digit of 34/(k/(-6)*2)?
3
Let i be (2/1 - -1)*(-4842)/54. Let o = i + 435. What is the tens digit of o?
6
Let z(d) be the second derivative of -3*d + 0 - 1/3*d**3 - d**2. What is the tens digit of z(-8)?
1
Suppose 4697 = -22*m + 13871. What is the tens digit of m?
1
Let i = -6 - -6. Suppose i = -5*o + 2*o. Let u(r) = -r**2 - r + 9. What is the units digit of u(o)?
9
Suppose -404 = 5*x - 1179. Let t = x + -112. What is the tens digit of t?
4
Suppose 0*f + 4*f = 16. Suppose 0*g = 2*g - 2*j - 92, -5*g + f*j = -232. What is the tens digit of g?
4
Let o = 12 - 8. Suppose -2*l - o*c = 14, l - 11 - 12 = 4*c. Suppose h = l*h - 54. What is the units digit of h?
7
Suppose -72 = 4*t - 5*t. Suppose -t = -3*c + 54. What is the tens digit of c?
4
Let i(q) = -q**2 - 10*q. Let l be i(-10). Suppose l*h = -5*h + 380. What is the tens digit of h?
7
Let k = 97 - 112. What is the units digit of (-2)/((-4)/k)*-8?
0
Let a be (-1)/1 + (47 - -10). What is the tens digit of a/(-14) + 1 + 75?
7
Suppose -25 = -3*r - 160. Let g = 222 + r. What is the hundreds digit of g?
1
Suppose 0 = 2*t - 4*l + 34, 3*t + l + 59 = -t. Let p = t - -12. What is the units digit of (-172)/p - (-4)/6?
8
Suppose 7*g + 21 = -0*g. What is the units digit of (8/(-12))/(g + (-2404)/(-804))?
7
Suppose 2*h = 4*g - 26, -4*g + 16 = -4*h - 20. Let p(k) = -k**2 - 13*k - 3. Let f be p(h). Suppose 0*i = -i + f. What is the units digit of i?
7
Let z be (11/(-22))/(3 + 148/(-48)). Suppose 4*d - 288 - 1296 = 0. What is the tens digit of d/z*2/3?
4
Let z be (-5)/35 - (1 + (-225)/7). Suppose 49 + z = 4*q. What is the tens digit of q?
2
Let j = 2913 + -736. What is the hundreds digit of j?
1
Suppose -9*s + 8*s + k + 825 = 0, 2*s + 2*k = 1630. What is the tens digit of s?
2
Suppose 3*w + l = 11933, 3161 + 4801 = 2*w + 2*l. What is the tens digit of w?
7
Let d(c) = -c - 6. Let v be d(-6). What is the units digit of (-310)/(-10) + -1 + v?
0
Let z = 10 - 7. Let t be 0/(0 + z/(-1)). Suppose t*w + 4*w - 140 = 0. What is the units digit of w?
5
Let h(z) = 22*z**3 + z. Let u(k) be the third derivative of -k**5/60 - k**4/6 + k**3/6 + 4*k**2. Let d be u(-4). What is the tens digit of h(d)?
2
Let g(m) = 2*m**3 - 3*m**2 + 1. Suppose 0 = 2*d - 5*d + 18. Suppose -8 = 2*r - d*r. What is the units digit of g(r)?
5
Suppose 0*p = -3*p + 3*x + 63, -4*p - 2*x + 54 = 0. Suppose -p = -3*y - k, -6*k + 3*k + 6 = 3*y. What is the units digit of y?
7
Let y = 5512 - -288. What is the thousands digit of y?
5
Let s(y) = y**3 - 17*y**2 - 18*y + 15. Let m be 30/(-4)*36/(-15). What is the units digit of s(m)?
5
Let o = 46 + 343. Suppose -89 + o = 2*y. What is the hundreds digit of y?
1
Let l = -1175 + 2648. What is the thousands digit of l?
1
Let x = 1467 + -494. What is the tens digit of x?
7
Let t(k) = -k**2 + 3*k. Let d be -1 + 2*(-11)/2. Let c = d + 14. What is the units digit of t(c)?
2
What is the units digit of 11*7/(-7) - -1623?
2
Let v be (2/9)/(7/(-21))*-57. Let y = v - 20. What is the units digit of y?
8
Let x(b) = 3*b**2 + 23*b + 315. What is the hundreds digit of x(33)?
3
Let m(v) = -v**2 + v + 9. Let s be m(8). What is the tens digit of s/((2 + 0)/(-4))?
9
Suppose 3*z - 2*t = 1, 4*t - 7 = 4*z - z. What is the hundreds digit of ((1 - 4)/z)/((-4)/624)?
1
Let m(j) be the first derivative of j**3/3 + 3*j**2 - 2*j + 2. Let f(b) = -b - 12. Let d be f(-3). What is the tens digit of m(d)?
2
What is the hundreds digit of (2 - 4/5)/(1/285)?
3
Let w(l) = 396*l + 6. Let b be w(1). Suppose 2*j + r = 5*r + 378, 0 = 2*j + 2*r - b. What is the hundreds digit of j?
1
Let p(n) = -n + 8. Let h be p(-5). Let j(v) = -v**3 + 12*v**2 + 14*v + 4. What is the units digit of j(h)?
7
Suppose 7*y - 5*y - 4 = 0. Suppose w + 1525 = -2*a + 7*a, y*w = 0. What is the hundreds digit of a?
3
Suppose -f - 6 = -4*f. Suppose a + 5*r = -21, r + 2 = -f*a - r. Suppose 0 = a*k + 19 - 87. What is the tens digit of k?
1
Suppose a = -2*z - 3, -2*a + 5*z + 15 = -15. Let v = a - 3. Let d = v - -19. What is the tens digit of d?
2
Let y(f) = 5*f**2 - 12*f - 6. Suppose 0 = -s + 5*s + 4*m, -2*s - 5*m = -12. What is the units digit of y(s)?
2
Let h = 2598 - 1843. What is the hundreds digit of h?
7
Suppose -4*v = v + 3*m - 1211, 2*v - 472 = 5*m. What is the hundreds digit of v?
2
What is the tens digit of (45/3)/((-50)/(-1250))?
7
Let h(v) = -v**2 - 93*v + 181. What is the hundreds digit of h(-67)?
9
Suppose 6*j = 3*j - 30. What is the units digit of 8/j - (1 - 34/5)?
5
Let y = 69 - 33. Let k = 96 - y. What is the units digit of k?
0
What is the hundreds digit of (5/(75/12385))/(2/6)?
4
What is the thousands digit of ((-273)/52)/((-3)/804)?
1
Let i(c) = 1. Let a(n) = 6*n + 15. Let q(z) = a(z) - 4*i(z). Let k(m) = m**3 - 21*m**2 - 2*m + 48. Let g be k(21). What is the units digit of q(g)?
7
Let j = 585 + -488. What is the units digit of j?
7
Suppose 9*l - 11*l + 26 = 0. Let y = 2 + l. What is the tens digit of y?
1
Let g be (1 - 0)/((-3)/(-6)). Let u be g + 1 + -2 - -2. Suppose -2*s - u*t - 42 = -5*s, 3*s - 54 = -3*t. What is the tens digit of s?
1
Let h(x) = x - 12. Let d be h(15). Suppose -17 = -d*j - 8. Let q = 35 - j. What is the tens digit of q?
3
Suppose 2*n - 3*k - 16 = 0, -3*k - 10 = -3*n - 2*k. Suppose -x = n*x - 12. Suppose 49 + 91 = x*t. What is the tens digit of t?
3
Let y = 19 + -13. Suppose -o = o - y. What is the units digit of 3/9*(141 - o)?
6
Suppose -2*c = -1978 + 416. What is the units digit of c?
1
Suppose 7*j - 3000 - 171 = 0. What is the hundreds digit of j?
4
Let a = 285 + 970. What is the tens digit of a?
5
What is the thousands digit of (1 + (-1005)/2)/(24/(-48))?
1
Suppose -45*s - 1872 = -53*s. What is the units digit of s?
4
Let r(p) = p**3 + 11*p**2 - 11*p - 28. Suppose 2*w = 1 + 7, 0 = 3*b - 2*w + 32. What is the units digit of r(b)?
2
Let v(r) = -5*r**2 + 6*r - 80. Let g(z) = 9*z**2 - 11*z + 159. Let y(a) = 4*g(a) + 7*v(a). What is the tens digit of y(0)?
7
Suppose 2*h = 6, q - 5*q + 5*h = -77. Let s = q + 158. What is the units digit of s?
1
Let v(l) = 3*l**2 - 25*l + 239. What is the tens digit of v(18)?
6
What is the tens digit of (-9620)/(-16) + 2/16*-2?
0
Let r = -120 + 136. What is the tens digit of r?
1
Let p(b) = -41*b. Let u be p(-2). Suppose 0 = 2*q - u - 196. What is the units digit of q?
9
Let g(b) = b**3 - 16*b**2 - 16*b - 9. Suppose 2*w - w = 17. Let l be g(w). Suppose -4*z - l = -28. What is the units digit of z?
5
Let i = 4614 - 1886. What is the units digit of i?
8
Suppose -620 = 14*z - 16*z - 2*k, 3*z + 2*k - 934 = 0. What is the hundreds digit of z?
3
Let t(u) = -u**3 + 10*u**2 + 6*u + 15. Let n(r) = -2*r**3 + 21*r**2 + 11*r + 30. Let p(z) = -3*n(z) + 7*t(z). What is the units digit of p(8)?
3
Let d(t) = -6*t**2 - 2*t + 2. Let p be d(-2). What is the tens digit of 3/p - (3963/(-18) - -5)?
1
Suppose 5*i + p - 153 = 16, p + 137 = 4*i. Let f = 52 - i. Suppose -5*a = -f - 7. What is the units digit of a?
5
Let r(z) = -z**2 + z. Let o(a) = 2*a**2 - 10*a - 8. Let p(n) = -o(n) - 3*r(n). Let k be (7/(-2))/(3/6). What is the units digit of p(k)?
8
Let g = -110 - -63. Let d = g + 134. What is the tens digit of d?
8
Suppose -2*x = d - 1733 - 1580, -3*d + 4*x + 9949 = 0. What is the hundreds digit of d?
3
Suppose 0 = 4*m - 3*a + a - 60, -a - 46 = -3*m. Suppose 95 = o - 4*p + m, -295 = -4*o - 5*p. What is the tens digit of o?
7
Let g = -611 - -1470. What is the hundreds digit of g?
8
Let s be (-345)/(-18) + (-1)/6. Let i = s - 9. What is the units digit of (-12)/(-30) + 646/i?
5
Let x = 4439 + -2217. What is the units digit of x?
2
Let i be 8 + 0*4/16. Let k = i + -6. Suppose 4*g = 6*g - k. What is the units digit of g?
1
Let j = -3801 + 7550. What is the tens digit of j?
4
Suppose -4*t + 604 + 375 = 5*i, 2*i - 736 = -3*t. What is the units digit of t?
6
Let w(n) = 6 + 0 - 2 - n**2 + 5 + 17*n. Let r be w(16). Let s = r + 8. What is the units digit of s?
3
Let v be ((-60)/18)/(-2 + (-12)/(-9)). Suppose d - 3*k - 6 = 2*k, -2*d + 4*k + 12 = 0. Suppose -d = v*i + 19, 50 = 3*f + 2*i. What is the tens digit of f?
2
Let p(q) = q - 1. Let h(f) = -4*f + 3. Let t(v) = h(v) + 5*p(v). Let d be t(5). Suppose 0 = d*n - 41 - 34. What is the units digit of n?
5
Let u(s) = 2*s**3 - 30*s**2 + 6*s - 2.